lculate the remainder when n is divided by h.
15
Suppose -13*m + 440 = -366. Calculate the remainder when 121 is divided by m.
59
Let r(t) = t**3 - 9*t**2 + 10*t - 2. Suppose 4*q = 4*g - 347 + 115, -4*g - 2*q + 202 = 0. Calculate the remainder when g is divided by r(8).
11
Suppose g - 2 = -2*m + 14, 5*m + 37 = 3*g. What is the remainder when 41 is divided by g?
13
Let u(k) = -3*k - 6. What is the remainder when 8 is divided by u(-3)?
2
Let h be ((-2)/4)/(2/4). Let p = h - -9. Let a(r) = 6*r**2 + 2*r + 2. Calculate the remainder when a(-2) is divided by p.
6
Let a(y) = 9*y - 21. Let q(r) = r - 2. Let h(j) = 2*a(j) - 21*q(j). What is the remainder when 49 - (-1)/(-1)*-3 is divided by h(-6)?
16
Let z be (8/6)/(2/(-9)). Suppose -4*b - 45 = -5*m, -4*m + 64 = -4*b + 20. Let q = z - b. Calculate the remainder when 9 is divided by q.
1
Suppose 13 = -m - 4*p, m - 3*p + 6 = 4*m. Suppose b + m = 32. What is the remainder when b is divided by 7?
4
Let r(m) = 38*m**2 - 1. Suppose 0 = b + 5 - 4. Calculate the remainder when r(b) is divided by 13.
11
Let h(s) = 4*s + 4 - 5*s - 5. Calculate the remainder when 22 is divided by h(-9).
6
Let c = 17 + 11. Let z(u) = u**2 - u - 2. What is the remainder when c is divided by z(4)?
8
Let o(u) = u**2 + u - 4. Let i(z) = z**2 - 2*z - 6. Suppose -5*n = -n + 12. What is the remainder when o(-6) is divided by i(n)?
8
Suppose c - y = 34, 5*y = -7*c + 4*c + 126. Let u = c + -18. Calculate the remainder when u is divided by 5.
4
Suppose -n = 3*b - 21, 0*n - 26 = -n - 2*b. Let y(t) = t**2 - t + 11. Calculate the remainder when 1108/n + (-2)/(-9) is divided by y(0).
9
Suppose 4 = -3*i - 2. Calculate the remainder when 0 + 50 + (-6)/i is divided by 14.
11
Suppose -4*s + 10 = -3*s. Suppose -3*z + s = 2*z. Calculate the remainder when 6 is divided by z.
0
Let f be 4/(-2 - (-4)/3). Let v(o) = o**3 + 6*o**2 - 2*o - 4. Let w be v(f). Calculate the remainder when (140/16)/(2/w) is divided by 18.
17
Let g = -40 - -72. Suppose -2*o + g = 5*v, -2*o + 15 = -2*v - 17. What is the remainder when (306/(-2))/(-3) + -4 is divided by o?
15
Suppose 6*b + 120 = b + 5*t, t = -2*b - 33. Suppose 108 + 24 = 2*u. Let g = u + b. What is the remainder when g is divided by 16?
15
Let w = 18 - 13. Suppose 5*k = w + 5. Let s = 0 - -4. What is the remainder when s is divided by k?
0
Suppose -3*f = -4*f + 5*m - 82, -m = f + 106. Let u = -56 - f. Calculate the remainder when u is divided by 12.
10
Let i = -4 - -6. Suppose 3*d = 5*t - 15, -2*t + 3*d = i*d - 6. Calculate the remainder when 7 is divided by t.
1
Let c = 68 + -33. Calculate the remainder when c is divided by 12.
11
Suppose 5*t = 134 - 49. Calculate the remainder when 33 is divided by t.
16
Suppose 13 = 4*j - 15. Suppose 4*z - 3*p = j, 4*p = z + p + 5. What is the remainder when 13 is divided by z?
1
Let m be (-4)/6*51/(-2). Let h = 40 - m. What is the remainder when h is divided by 12?
11
Suppose 5*a - 6 = g, -g + 58 = g + 4*a. What is the remainder when g is divided by 5?
4
Let m = 7 + -1. Let t(c) = 2*c**2 - 5*c - 7. What is the remainder when t(m) is divided by 82/7 + 4/14?
11
Let u(z) = -1 + z - 2*z + 5. Let j be u(4). Suppose j = -3*k + 12, -3*f = -k - 65 + 3. Calculate the remainder when f is divided by 8.
6
Let m be 30/(-70) - 62/(-14). Suppose -45 = -v - m*v. Suppose -3*q + 85 = 3*b - 14, -3*b = -q - 99. Calculate the remainder when b is divided by v.
6
Suppose -47 = 2*s - 3*s. Suppose -55 = -2*i + s. Suppose 4*a - i - 24 = 5*p, -4*p - 76 = -4*a. What is the remainder when a is divided by 7?
6
Suppose 2*j + 2*j - 36 = 0. Let l = j - 5. What is the remainder when 8 is divided by -3*l/(-6) + 1?
2
Suppose 28 - 154 = -6*p. What is the remainder when 60 is divided by p?
18
Let f be (-14)/(-4) + 2/(-4). Let n(s) = -3 + 2*s**2 + s**f + 4*s**2 - 2*s + 1. What is the remainder when 28 is divided by n(-6)?
8
What is the remainder when ((-12)/(-10))/(5/25) is divided by 3?
0
Suppose -2*a - a = 33. Let s = 0 - a. What is the remainder when 30 is divided by s?
8
Calculate the remainder when ((-88)/16)/(2/(-12)) is divided by 12.
9
Suppose -352 = 5*k - 13*k. What is the remainder when k is divided by 12?
8
Let t = 57 - 32. Calculate the remainder when t is divided by 9.
7
Suppose 3*m + 3*h + 375 = 0, 5*m - h + 615 = 14. Let g = -58 - m. What is the remainder when g is divided by 22?
19
Let b(a) = a**3 + 3*a**2 - 5*a + 1. Let m(w) = -w + 18. Let p be m(14). What is the remainder when b(p) is divided by 24?
21
Let c(y) = 4*y**2 - 5*y + 2. What is the remainder when 21 is divided by c(2)?
5
Let o(j) = -3*j - 21. What is the remainder when o(-14) is divided by 14?
7
Let z = 40 + -20. Let u = 7 + -5. Let q(b) = b**3 + b**2 - b + 1. Calculate the remainder when z is divided by q(u).
9
Suppose -23*c = -27*c - 168. Calculate the remainder when (-1)/3*c/2 is divided by 3.
1
Let d = 10 - 1. Suppose 3*l + 4*t - 6*t = 58, 0 = l - 2*t - 26. Calculate the remainder when l is divided by d.
7
Calculate the remainder when (16/5 + -2)/((-8)/(-140)) is divided by 13.
8
Let u(v) = v**2 + 7*v - 40. Suppose -4*q - 58 = -2*i - 22, -5*i = 5*q - 15. Calculate the remainder when u(-12) is divided by i.
4
Let o(u) = -2*u + 1. Let z be o(-1). Suppose 0 = -0*b + z*b - 36. Suppose 2*k - 115 = -3*k. Calculate the remainder when k is divided by b.
11
Let p be (-7)/9 - 6/27. Suppose 0 = 4*r - 4*k - 204, -3*r = -2*k - 39 - 110. Let a = p + r. Calculate the remainder when a is divided by 16.
14
Let f(o) = -18*o - 5*o + 11*o + 2. Calculate the remainder when f(-4) is divided by 13.
11
Let r = 43 - 15. Calculate the remainder when r is divided by 0 + (-5)/2*-4.
8
Suppose 0*q - 2*q = 0. Suppose q*x + 2*x = 4. Suppose -2*a = -6 - 4. Calculate the remainder when a is divided by x.
1
Let n(y) = y**3 + 9*y**2 + 10*y. Let j be n(-7). Calculate the remainder when (j + 1 - 0) + 3 is divided by 11.
10
Suppose 6 = -3*t, 5*q - t - 182 - 115 = 0. What is the remainder when q is divided by 15?
14
Let x(k) = -4*k - 14. What is the remainder when x(-12) is divided by 12?
10
Let w(h) = 6*h + 4. What is the remainder when w(7) is divided by 16?
14
Let l(k) = -4*k - 4. Calculate the remainder when 29 is divided by l(-3).
5
Suppose 2*d = -3 - 1. Let s be ((d*4)/(-2))/2. Suppose -h - 5*o = 1 - 4, s*o + 42 = 5*h. Calculate the remainder when 23 is divided by h.
7
What is the remainder when 5 is divided by (-5)/(-2) + (-23)/46?
1
Suppose -17 = 3*k - 74. Let b(p) = p - 16. Calculate the remainder when k is divided by b(26).
9
Suppose 2*k - j = 25, -3*k = -0*j - j - 40. Calculate the remainder when 57 is divided by k.
12
Let m be 15/10*(-148)/(-6). Let s = m + -26. Calculate the remainder when 21 is divided by s.
10
Let x(o) = -o**2 - 13*o - 13. Let r be x(-11). Let n = 30 - r. Calculate the remainder when 60 is divided by n.
18
Let j(w) = w**3 - 13*w**2 + 13*w + 23. Suppose l - 8 - 4 = 0. What is the remainder when j(12) is divided by l?
11
Let m be (-3 + 45)/((-3)/(-4)). Let p be 2/(2 + m/(-30)). Let q = p + -6. What is the remainder when 25 is divided by q?
7
Suppose -7 = c - s, s + s - 6 = 0. What is the remainder when 27 is divided by c/(-4) + -1 - -10?
7
Let m(o) = -o**3 - 3*o**2 + o - 1. Let i = 116 + -74. Calculate the remainder when i is divided by m(-4).
9
Let d(o) = -o**2 - 20*o + 35. What is the remainder when d(-15) is divided by 57?
53
Suppose 273 = 16*p - 9*p. What is the remainder when p is divided by 16?
7
What is the remainder when (0 - 4)*((-145)/10 - 2) is divided by 14?
10
Let j = 19 - 7. What is the remainder when 35 is divided by j?
11
Let s be (2 - 3)/((-2)/4). Let m(r) = -6*r**2 + 8*r - 5 + 11*r**2 + 0*r**s - r**3. What is the remainder when 12 is divided by m(6)?
5
What is the remainder when (-80)/(-8)*(-22)/(-4) is divided by 14?
13
Suppose 5*u - 5*c - 30 = 75, 5*u - 70 = -2*c. What is the remainder when 94 is divided by u?
14
Let w(o) = 11*o**2 + 2*o - 2. Suppose -3*j = 5*t - 32, -3*j = -4*t + t + 24. Calculate the remainder when w(1) is divided by t.
4
Suppose -d + 0 = -5. Suppose 4*i = 5*c + 161, -i + 73 = i - d*c. What is the remainder when i is divided by 12?
8
Let k(t) = t**3 - 9*t**2 - t + 12. Suppose -4*f = -f - 27. What is the remainder when (-2)/(-9) - 158/(-18) is divided by k(f)?
0
Suppose 2*c + 66 = 5*c. What is the r